m) = 16*m**2 - 3*m + 12. Let x be g(-6). Let d = x - 344. What is the tens digit of d?
6
Let z = 45 - 41. What is the units digit of -2*(-3 + (-2)/z)?
7
Suppose 0 = -3*f + 4*o + 10946, 16*o = -5*f + 12*o + 18254. What is the tens digit of f?
5
Suppose 0*y - y + 205 = 0. Suppose -w + 6*w - y = 0. What is the tens digit of w?
4
Let p(y) = 430*y**2 - 13*y + 4. What is the tens digit of p(-2)?
5
Suppose -4*o + 2*k = -96, 8*o + 4*k = 4*o + 96. What is the units digit of 2248/o - (-1)/3?
4
Let b = 53 - 42. What is the units digit of b?
1
Suppose 5*p - 8*p - 5795 = -5*o, 0 = 2*p. What is the hundreds digit of o?
1
Suppose 241*o - 239*o - 11048 = -4*a, 5*o = -4*a + 27638. What is the hundreds digit of o?
5
Suppose 0 = 2*f - 4*d - 1414, -13*f - 2*d - 2133 = -16*f. What is the units digit of f?
3
Let u be 26/(-91) + 556/(-14). Let m = 192 - 121. Let o = u + m. What is the tens digit of o?
3
Let g(d) = -d**2 - 9*d - 11. Let v be g(-7). Let n(f) = -2*f + 2. Let p be n(-3). Let a = v + p. What is the units digit of a?
1
Suppose 0 = 2*c - 4*i, 0*i - i = -2*c + 9. Suppose -67 = -z - 2*y, 5*z - c*y + y = 380. What is the units digit of z?
3
Let r(x) = 37*x**2 + x - 2. Let u be r(1). Suppose -1974 = -43*m + u*m. What is the hundreds digit of m?
2
Let p(w) be the first derivative of -5*w**2 + w - 3. Let n be p(4). Let y = -18 - n. What is the units digit of y?
1
Let p be -2 + 3 - (-2 - -3). Let k(b) = b**3 - b + 9. Let q be k(p). Let x = 2 + q. What is the units digit of x?
1
Let f be 2/(-22)*-2 - (-4680)/(-88). Let d = f - -89. What is the tens digit of d?
3
What is the thousands digit of 4*(-4)/20 + 14048/10?
1
Let v(q) = 4*q - 1. Suppose -s + 5*n = 2, n + n = 5*s - 13. Let o be v(s). Let b = o - 5. What is the units digit of b?
6
Suppose 5*d + 3*g - 94 = 3*d, -3*d = 5*g - 141. Let n = d + -16. What is the units digit of n?
1
Let d(p) = -23*p**3 - p**2 + 10*p + 4. What is the units digit of d(-4)?
0
Let q = -1894 + 4416. What is the tens digit of q?
2
Let g = 28 + -48. Let v = -14 - g. Suppose 46 = -4*x + v*x. What is the tens digit of x?
2
Let z(j) = -j**3 - 14*j**2 + 2*j + 28. Let o be z(-14). Suppose o = 5*q + q - 474. What is the units digit of q?
9
Suppose -95*b - 8845 = -100*b. What is the units digit of b?
9
Let h be (3/1 - 3) + 27. Suppose -h = -3*r - 6. What is the units digit of r?
7
Suppose 0 = 2*g - 22 + 8. Let d be (g + -10)*(-1)/3. Suppose -4*b = -d - 27. What is the units digit of b?
7
Let v(k) = -k**3 + 6*k**2 - 2*k + 14. Let y be v(6). Suppose y*n + 4*d - 236 = 2*d, 2*d = -5*n + 590. What is the hundreds digit of n?
1
Suppose -16*j = -17*j + 4*x + 220, x + 910 = 4*j. Let f = 461 - j. What is the tens digit of f?
3
Suppose -4*z + 2*d = 236, 0*z + 5*d = 5*z + 295. Let f = 110 + z. Suppose 0*u = 3*j - u - 73, 2*j = 3*u + f. What is the units digit of j?
4
Let u(j) = -j**3 + 10*j**2 + 6*j - 11. Let t be u(10). Let d = 75 - t. What is the tens digit of d?
2
Let y(k) = k**3 - 11*k**2 - 11*k + 7. Let z = -9 - -11. Suppose 0*j + 24 = z*j. What is the tens digit of y(j)?
1
Let x(r) = 3*r + 44. Let o(v) = v**3 - 7*v**2 - v - 3. Let c be o(7). What is the units digit of x(c)?
4
Suppose 5*o + 5*u + 485 = 0, 2*o - 173 = 4*o - 5*u. Let m = -61 - o. Suppose -m = -3*k - 6. What is the units digit of k?
9
Let p(f) = -f**3 + 3*f**2 + 2*f - 2. Let h be p(3). Suppose -h*g + 22 = t - 17, -3*g + 42 = 5*t. Suppose 0 = -2*l + 3*l - g. What is the units digit of l?
9
Let p(y) = y**2 - 7*y + 6. Let f be p(7). Let a(x) = x**3 - 8*x**2 - 6*x + 3. Let n be a(9). Let c = n + f. What is the tens digit of c?
3
Suppose -10*i - 3128 = -o - 6*i, -20 = 5*i. What is the hundreds digit of o?
1
Let g(v) = 0*v - 4*v + v**2 - 12 + 5*v. What is the tens digit of g(-11)?
9
Suppose 0 = 6*s - 2*s - 16. Suppose 3*i - 621 = -3*b, 706 = s*i + 3*b - 119. Suppose 0 = -0*q - 4*q + i. What is the tens digit of q?
5
Let f = 76 + -119. Let s = f + 76. What is the units digit of s?
3
Let i = -5653 + 8080. What is the thousands digit of i?
2
Suppose -4 - 11 = 3*a. Let p(q) = q**3 + 6*q**2 - 8*q - 17. What is the units digit of p(a)?
8
Suppose 168 + 636 = 2*i. What is the tens digit of i?
0
Let r(k) = 5*k**3 - 2*k**2 + 1. Let l be r(-1). Let j be (-21)/l*(-8)/(-7). Suppose -o + j = -5. What is the units digit of o?
9
Suppose 521 = -34*i + 3479. What is the tens digit of i?
8
Suppose -2*s = -2, -3*s = 8*y - 12*y + 2333. What is the tens digit of y?
8
Suppose 0 = -32*z + 40*z - 4840. What is the hundreds digit of z?
6
Let s(u) be the second derivative of -u**5/5 - u**4/4 - u**3/3 + u**2 + 3*u. Let k = 33 + -35. What is the units digit of s(k)?
6
Let b = -133 + 822. What is the hundreds digit of b?
6
Let v(a) = -247*a**3 - 2*a**2 + 15*a + 33. What is the units digit of v(-2)?
1
Let v(w) = 14*w**2 - 13*w - 39. What is the tens digit of v(-5)?
7
Let x be (-7 + 119)/(2 + -1). Let w = x + -22. Suppose -g + 5*n = -w, 5*g - 3*n + n = 335. What is the tens digit of g?
6
Let n be 29 + (6 - (2 - -2)). Let m = 87 - n. What is the units digit of m?
6
Suppose 2*g + 27 = 3*y, g - 27 = -3*y - g. Let v(c) = -c**2 + 5*c + 11. Let b(z) = z**2 - 5*z - 10. Let w(i) = 5*b(i) + 4*v(i). What is the units digit of w(y)?
0
Let l = 2305 - 1356. What is the units digit of l?
9
Let y(i) = 6*i + 19. Let g be y(9). Suppose -n + g = 2*s, -n - 3 = 2. Suppose 3*b + 77 = 4*d - s, d + 2*b = 40. What is the units digit of d?
2
Let t be 0 + (-2)/3*-3. Suppose -3*f - 2*k - 7 = 3, 0 = -f + 5*k + 25. Suppose -3*s + t*s + 2 = f. What is the units digit of s?
2
Let n(j) = 443*j**2 - 7*j - 1. What is the units digit of n(-1)?
9
Let l(o) = -o**3 - o**2 - 2*o + 82. Let r be l(0). Suppose y + r = 197. What is the hundreds digit of y?
1
Let s(h) = -13*h + 3. Let o be s(2). Let g = o + 33. What is the tens digit of g?
1
Let o(g) = 16*g**2 - 3. Let q(h) = 15*h**2 + h - 3. Let t(x) = -2*o(x) + 3*q(x). What is the tens digit of t(-4)?
9
Let u be (-4)/14 + 1190/49. Suppose -u = -5*o - v, 3*o + 0*o - 24 = -3*v. Suppose 0 = -p - o*p + 60. What is the tens digit of p?
1
Let c be (-18)/(-4) + 3/(-6). Let t be 2 + (-8)/(-4) + c. Suppose -h - 44 = -4*g, t*h = 3*h. What is the units digit of g?
1
Let i(w) = 8*w - 3. Let l be i(7). Let p = l - 36. Suppose p = -2*a + 71. What is the tens digit of a?
2
Let f(w) = w - 2. Let u(a) = -5*a. Let n(x) = -3*f(x) - u(x). What is the tens digit of n(7)?
2
Suppose q = 2, -3*b - 225 + 2069 = -2*q. What is the tens digit of (b/20)/((-4)/(-10))?
7
Let z = -221 + 235. What is the units digit of z?
4
Let x(m) = 223*m**2 + 27*m + 137. What is the tens digit of x(-5)?
7
What is the units digit of 0 - (-2 - -27)/((-2)/10)?
5
Let p be (2/(-8)*0)/(-2). Suppose -2*y + 74 + 160 = p. What is the units digit of y?
7
Let o be (-4)/16 + (-105)/12. Let x = o - -9. Let r(c) = -2*c + 16. What is the tens digit of r(x)?
1
Let a(g) be the first derivative of g**4/4 - 3*g**3 + 2*g**2 + 12*g + 1. What is the tens digit of a(9)?
4
Let b(h) = -h**3 - 24*h**2 + 2*h + 7. What is the units digit of b(-27)?
0
Let m(o) = -o**3 + 4*o**2 + 7 + 0 + 2*o + 2*o. Let k be m(5). Suppose 4*z + k*s - 94 = 0, -3*s = z - 16 - 5. What is the tens digit of z?
2
Let i be (18/12)/(6/8). Suppose 0 = i*w + 2*z + 4, -3*w = -w + 4*z + 4. What is the units digit of ((-2)/(-6))/(w/(-30))?
5
Suppose 398*j = 391*j + 20083. What is the tens digit of j?
6
Let f(l) = 2*l**3 + 21*l**2 - 42*l - 20. What is the tens digit of f(-12)?
5
Suppose 0 = p - 2 - 2. Let r(i) = -3*i**2 + p + 0*i - i**3 + 8*i**2 + i - 2*i. What is the tens digit of r(3)?
1
Let v(c) = 3 + 5*c - 7*c + 14*c**2 + 13*c**2 + 0*c**2. What is the tens digit of v(1)?
2
Suppose 5*w + u + 22 = 1387, 4*w = -5*u + 1092. Suppose 45 - w = -3*x. Let r = 106 - x. What is the tens digit of r?
3
Let k(t) = t**3 - 9*t**2 - 7*t + 1. Let q be k(9). Suppose -2*m - 224 = 2*g, -2*m = -2*g - 5*m - 219. Let s = q - g. What is the tens digit of s?
5
Suppose 31*l = 46*l - 5370. What is the tens digit of l?
5
Let z = -8 - -10. Let g(b) = -2 + 4 - 5 + 15*b. What is the units digit of g(z)?
7
Suppose 5*m = -3*p - 25, -3*m = -2*p - 0*m + 15. Suppose p = 4*h + 4, -5*h + 105 + 59 = a. What is the units digit of a?
9
Let u be 30/(-10) + 9 + -2 + 0. Suppose 0*b + 5*b - 109 = u*z, 0 = b - 2*z - 17. What is the tens digit of b?
2
Suppose 4*